{"id":1437,"date":"2016-05-27T18:03:43","date_gmt":"2016-05-27T18:03:43","guid":{"rendered":"https:\/\/wlu20www17.webland.ch\/index.php\/home-one-2\/"},"modified":"2019-07-26T17:06:55","modified_gmt":"2019-07-26T17:06:55","slug":"akustikdecken","status":"publish","type":"page","link":"https:\/\/cilextra.ch\/index.php\/diensleistungen\/akustikdecken\/","title":{"rendered":"Akustikdecken"},"content":{"rendered":"<p>[vc_row full_width=&#8221;stretch_row_content_no_spaces&#8221; css=&#8221;.vc_custom_1564137690830{margin-top: -200px !important;margin-bottom: -200px !important;background-color: #e8e8e8 !important;}&#8221;][vc_column][vc_single_image image=&#8221;1372&#8243; img_size=&#8221;full&#8221; alignment=&#8221;center&#8221; css=&#8221;.vc_custom_1564159872301{padding-top: -200px !important;padding-bottom: -200px !important;}&#8221;][\/vc_column][\/vc_row][vc_row full_width=&#8221;stretch_row&#8221; css=&#8221;.vc_custom_1564137288576{padding-top: 70px !important;background-color: #e8e8e8 !important;}&#8221;][vc_column width=&#8221;1\/3&#8243;][vc_column_text css=&#8221;.vc_custom_1564137422713{padding-top: 20px !important;}&#8221;]<\/p>\n<h3><strong>Akustikdecken<\/strong><\/h3>\n<p>Verbessern Sie die Raumakustik Ihrer R\u00e4ume mit einer Akustikdecke oder Akustikelementen an Wand oder Decke<\/p>\n<p>Gute Sprachverst\u00e4ndlichkeit ist Voraussetzung f\u00fcr eine angenehme Atmosph\u00e4re.<\/p>\n<p>Die Akustik umfasst Punkte wie die Entstehung\u00a0 und Erzeugung, die Ausbreitung, die Beeinflussung von Schall, seine Wahrnehmung durch das Geh\u00f6r und Wirkung auf Menschen.<\/p>\n<p>Zu den wichtigsten Anwendungen der Akustik geh\u00f6ren die Minderung von L\u00e4rm und das Bem\u00fchen, einen Wohlklang herbeizuf\u00fchren.<\/p>\n<p>Dabei k\u00f6nnen Akustikbilder, Deckensegel, Akustikdecken, Vorh\u00e4nge und vieles mehr zur Verbesserung der Raumakustik f\u00fchren.[\/vc_column_text][\/vc_column][vc_column width=&#8221;2\/3&#8243;][vc_gallery interval=&#8221;0&#8243; images=&#8221;1370,1371,1372,1373&#8243; img_size=&#8221;full&#8221;][\/vc_column][\/vc_row]<\/p>\n","protected":false},"excerpt":{"rendered":"<p>[vc_row full_width=&#8221;stretch_row_content_no_spaces&#8221; css=&#8221;.vc_custom_1564137690830{margin-top: -200px !important;margin-bottom: -200px !important;background-color: #e8e8e8 !important;}&#8221;][vc_column][vc_single_image image=&#8221;1372&#8243; img_size=&#8221;full&#8221; alignment=&#8221;center&#8221; css=&#8221;.vc_custom_1564159872301{padding-top: -200px !important;padding-bottom: -200px !important;}&#8221;][\/vc_column][\/vc_row][vc_row full_width=&#8221;stretch_row&#8221; css=&#8221;.vc_custom_1564137288576{padding-top: 70px !important;background-color: #e8e8e8 !important;}&#8221;][vc_column width=&#8221;1\/3&#8243;][vc_column_text css=&#8221;.vc_custom_1564137422713{padding-top: 20px !important;}&#8221;] Akustikdecken Verbessern Sie die Raumakustik Ihrer R\u00e4ume mit einer Akustikdecke oder Akustikelementen an Wand oder Decke Gute Sprachverst\u00e4ndlichkeit ist Voraussetzung f\u00fcr eine angenehme Atmosph\u00e4re. Die Akustik umfasst Punkte [&hellip;]<\/p>\n","protected":false},"author":4,"featured_media":0,"parent":1570,"menu_order":0,"comment_status":"closed","ping_status":"closed","template":"","meta":[],"yoast_head":"<!-- This site is optimized with the Yoast SEO plugin v17.7.1 - https:\/\/yoast.com\/wordpress\/plugins\/seo\/ -->\n<title>Akustikdecken - Cilextra-Spanndecken<\/title>\n<meta name=\"robots\" content=\"index, follow, max-snippet:-1, max-image-preview:large, max-video-preview:-1\" \/>\n<link rel=\"canonical\" href=\"https:\/\/cilextra.ch\/index.php\/diensleistungen\/akustikdecken\/\" \/>\n<meta property=\"og:locale\" content=\"de_DE\" \/>\n<meta property=\"og:type\" content=\"article\" \/>\n<meta property=\"og:title\" content=\"Akustikdecken - Cilextra-Spanndecken\" \/>\n<meta property=\"og:description\" content=\"[vc_row full_width=&#8221;stretch_row_content_no_spaces&#8221; css=&#8221;.vc_custom_1564137690830{margin-top: -200px !important;margin-bottom: -200px !important;background-color: #e8e8e8 !important;}&#8221;][vc_column][vc_single_image image=&#8221;1372&#8243; img_size=&#8221;full&#8221; alignment=&#8221;center&#8221; css=&#8221;.vc_custom_1564159872301{padding-top: -200px !important;padding-bottom: -200px !important;}&#8221;][\/vc_column][\/vc_row][vc_row full_width=&#8221;stretch_row&#8221; css=&#8221;.vc_custom_1564137288576{padding-top: 70px !important;background-color: #e8e8e8 !important;}&#8221;][vc_column width=&#8221;1\/3&#8243;][vc_column_text css=&#8221;.vc_custom_1564137422713{padding-top: 20px !important;}&#8221;] Akustikdecken Verbessern Sie die Raumakustik Ihrer R\u00e4ume mit einer Akustikdecke oder Akustikelementen an Wand oder Decke Gute Sprachverst\u00e4ndlichkeit ist Voraussetzung f\u00fcr eine angenehme Atmosph\u00e4re. Die Akustik umfasst Punkte [&hellip;]\" \/>\n<meta property=\"og:url\" content=\"https:\/\/cilextra.ch\/index.php\/diensleistungen\/akustikdecken\/\" \/>\n<meta property=\"og:site_name\" content=\"Cilextra-Spanndecken\" \/>\n<meta property=\"article:modified_time\" content=\"2019-07-26T17:06:55+00:00\" \/>\n<meta name=\"twitter:card\" content=\"summary_large_image\" \/>\n<meta name=\"twitter:label1\" content=\"Gesch\u00e4tzte Lesezeit\" \/>\n\t<meta name=\"twitter:data1\" content=\"1 Minute\" \/>\n<script type=\"application\/ld+json\" class=\"yoast-schema-graph\">{\"@context\":\"https:\/\/schema.org\",\"@graph\":[{\"@type\":\"WebSite\",\"@id\":\"https:\/\/cilextra.ch\/#website\",\"url\":\"https:\/\/cilextra.ch\/\",\"name\":\"Cilextra-Spanndecken\",\"description\":\"Deckenrenovieren in 24 Std.\",\"potentialAction\":[{\"@type\":\"SearchAction\",\"target\":{\"@type\":\"EntryPoint\",\"urlTemplate\":\"https:\/\/cilextra.ch\/?s={search_term_string}\"},\"query-input\":\"required name=search_term_string\"}],\"inLanguage\":\"de-DE\"},{\"@type\":\"WebPage\",\"@id\":\"https:\/\/cilextra.ch\/index.php\/diensleistungen\/akustikdecken\/#webpage\",\"url\":\"https:\/\/cilextra.ch\/index.php\/diensleistungen\/akustikdecken\/\",\"name\":\"Akustikdecken - Cilextra-Spanndecken\",\"isPartOf\":{\"@id\":\"https:\/\/cilextra.ch\/#website\"},\"datePublished\":\"2016-05-27T18:03:43+00:00\",\"dateModified\":\"2019-07-26T17:06:55+00:00\",\"breadcrumb\":{\"@id\":\"https:\/\/cilextra.ch\/index.php\/diensleistungen\/akustikdecken\/#breadcrumb\"},\"inLanguage\":\"de-DE\",\"potentialAction\":[{\"@type\":\"ReadAction\",\"target\":[\"https:\/\/cilextra.ch\/index.php\/diensleistungen\/akustikdecken\/\"]}]},{\"@type\":\"BreadcrumbList\",\"@id\":\"https:\/\/cilextra.ch\/index.php\/diensleistungen\/akustikdecken\/#breadcrumb\",\"itemListElement\":[{\"@type\":\"ListItem\",\"position\":1,\"name\":\"Home\",\"item\":\"https:\/\/cilextra.ch\/\"},{\"@type\":\"ListItem\",\"position\":2,\"name\":\"Diensleistungen\",\"item\":\"https:\/\/cilextra.ch\/index.php\/diensleistungen\/\"},{\"@type\":\"ListItem\",\"position\":3,\"name\":\"Akustikdecken\"}]}]}<\/script>\n<!-- \/ Yoast SEO plugin. -->","yoast_head_json":{"title":"Akustikdecken - Cilextra-Spanndecken","robots":{"index":"index","follow":"follow","max-snippet":"max-snippet:-1","max-image-preview":"max-image-preview:large","max-video-preview":"max-video-preview:-1"},"canonical":"https:\/\/cilextra.ch\/index.php\/diensleistungen\/akustikdecken\/","og_locale":"de_DE","og_type":"article","og_title":"Akustikdecken - Cilextra-Spanndecken","og_description":"[vc_row full_width=&#8221;stretch_row_content_no_spaces&#8221; css=&#8221;.vc_custom_1564137690830{margin-top: -200px !important;margin-bottom: -200px !important;background-color: #e8e8e8 !important;}&#8221;][vc_column][vc_single_image image=&#8221;1372&#8243; img_size=&#8221;full&#8221; alignment=&#8221;center&#8221; css=&#8221;.vc_custom_1564159872301{padding-top: -200px !important;padding-bottom: -200px !important;}&#8221;][\/vc_column][\/vc_row][vc_row full_width=&#8221;stretch_row&#8221; css=&#8221;.vc_custom_1564137288576{padding-top: 70px !important;background-color: #e8e8e8 !important;}&#8221;][vc_column width=&#8221;1\/3&#8243;][vc_column_text css=&#8221;.vc_custom_1564137422713{padding-top: 20px !important;}&#8221;] Akustikdecken Verbessern Sie die Raumakustik Ihrer R\u00e4ume mit einer Akustikdecke oder Akustikelementen an Wand oder Decke Gute Sprachverst\u00e4ndlichkeit ist Voraussetzung f\u00fcr eine angenehme Atmosph\u00e4re. Die Akustik umfasst Punkte [&hellip;]","og_url":"https:\/\/cilextra.ch\/index.php\/diensleistungen\/akustikdecken\/","og_site_name":"Cilextra-Spanndecken","article_modified_time":"2019-07-26T17:06:55+00:00","twitter_card":"summary_large_image","twitter_misc":{"Gesch\u00e4tzte Lesezeit":"1 Minute"},"schema":{"@context":"https:\/\/schema.org","@graph":[{"@type":"WebSite","@id":"https:\/\/cilextra.ch\/#website","url":"https:\/\/cilextra.ch\/","name":"Cilextra-Spanndecken","description":"Deckenrenovieren in 24 Std.","potentialAction":[{"@type":"SearchAction","target":{"@type":"EntryPoint","urlTemplate":"https:\/\/cilextra.ch\/?s={search_term_string}"},"query-input":"required name=search_term_string"}],"inLanguage":"de-DE"},{"@type":"WebPage","@id":"https:\/\/cilextra.ch\/index.php\/diensleistungen\/akustikdecken\/#webpage","url":"https:\/\/cilextra.ch\/index.php\/diensleistungen\/akustikdecken\/","name":"Akustikdecken - Cilextra-Spanndecken","isPartOf":{"@id":"https:\/\/cilextra.ch\/#website"},"datePublished":"2016-05-27T18:03:43+00:00","dateModified":"2019-07-26T17:06:55+00:00","breadcrumb":{"@id":"https:\/\/cilextra.ch\/index.php\/diensleistungen\/akustikdecken\/#breadcrumb"},"inLanguage":"de-DE","potentialAction":[{"@type":"ReadAction","target":["https:\/\/cilextra.ch\/index.php\/diensleistungen\/akustikdecken\/"]}]},{"@type":"BreadcrumbList","@id":"https:\/\/cilextra.ch\/index.php\/diensleistungen\/akustikdecken\/#breadcrumb","itemListElement":[{"@type":"ListItem","position":1,"name":"Home","item":"https:\/\/cilextra.ch\/"},{"@type":"ListItem","position":2,"name":"Diensleistungen","item":"https:\/\/cilextra.ch\/index.php\/diensleistungen\/"},{"@type":"ListItem","position":3,"name":"Akustikdecken"}]}]}},"_links":{"self":[{"href":"https:\/\/cilextra.ch\/index.php\/wp-json\/wp\/v2\/pages\/1437"}],"collection":[{"href":"https:\/\/cilextra.ch\/index.php\/wp-json\/wp\/v2\/pages"}],"about":[{"href":"https:\/\/cilextra.ch\/index.php\/wp-json\/wp\/v2\/types\/page"}],"author":[{"embeddable":true,"href":"https:\/\/cilextra.ch\/index.php\/wp-json\/wp\/v2\/users\/4"}],"replies":[{"embeddable":true,"href":"https:\/\/cilextra.ch\/index.php\/wp-json\/wp\/v2\/comments?post=1437"}],"version-history":[{"count":39,"href":"https:\/\/cilextra.ch\/index.php\/wp-json\/wp\/v2\/pages\/1437\/revisions"}],"predecessor-version":[{"id":1751,"href":"https:\/\/cilextra.ch\/index.php\/wp-json\/wp\/v2\/pages\/1437\/revisions\/1751"}],"up":[{"embeddable":true,"href":"https:\/\/cilextra.ch\/index.php\/wp-json\/wp\/v2\/pages\/1570"}],"wp:attachment":[{"href":"https:\/\/cilextra.ch\/index.php\/wp-json\/wp\/v2\/media?parent=1437"}],"curies":[{"name":"wp","href":"https:\/\/api.w.org\/{rel}","templated":true}]}}

<p>[vc_row full_width=&#8221;stretch_row_content_no_spaces&#8221; css=&#8221;.vc_custom_1564137690830{margin-top: -200px !important;margin-bottom: -200px !important;background-color: #e8e8e8 !important;}&#8221;][vc_column][vc_single_image image=&#8221;1372&#8243; img_size=&#8221;full&#8221; alignment=&#8221;center&#8221; css=&#8221;.vc_custom_1564159872301{padding-top: -200px !important;padding-bottom: -200px !important;}&#8221;][/vc_column][/vc_row][vc_row full_width=&#8221;stretch_row&#8221; css=&#8221;.vc_custom_1564137288576{padding-top: 70px !important;background-color: #e8e8e8 !important;}&#8221;][vc_column width=&#8221;1/3&#8243;][vc_column_text css=&#8221;.vc_custom_1564137422713{padding-top: 20px !important;}&#8221;]</p>
<h3><strong>Akustikdecken</strong></h3>
<p>Verbessern Sie die Raumakustik Ihrer Räume mit einer Akustikdecke oder Akustikelementen an Wand oder Decke</p>
<p>Gute Sprachverständlichkeit ist Voraussetzung für eine angenehme Atmosphäre.</p>
<p>Die Akustik umfasst Punkte wie die Entstehung  und Erzeugung, die Ausbreitung, die Beeinflussung von Schall, seine Wahrnehmung durch das Gehör und Wirkung auf Menschen.</p>
<p>Zu den wichtigsten Anwendungen der Akustik gehören die Minderung von Lärm und das Bemühen, einen Wohlklang herbeizuführen.</p>
<p>Dabei können Akustikbilder, Deckensegel, Akustikdecken, Vorhänge und vieles mehr zur Verbesserung der Raumakustik führen.[/vc_column_text][/vc_column][vc_column width=&#8221;2/3&#8243;][vc_gallery interval=&#8221;0&#8243; images=&#8221;1370,1371,1372,1373&#8243; img_size=&#8221;full&#8221;][/vc_column][/vc_row]</p>

<p>[vc_row full_width=&#8221;stretch_row_content_no_spaces&#8221; css=&#8221;.vc_custom_1564137690830{margin-top: -200px !important;margin-bottom: -200px !important;background-color: #e8e8e8 !important;}&#8221;][vc_column][vc_single_image image=&#8221;1372&#8243; img_size=&#8221;full&#8221; alignment=&#8221;center&#8221; css=&#8221;.vc_custom_1564159872301{padding-top: -200px !important;padding-bottom: -200px !important;}&#8221;][/vc_column][/vc_row][vc_row full_width=&#8221;stretch_row&#8221; css=&#8221;.vc_custom_1564137288576{padding-top: 70px !important;background-color: #e8e8e8 !important;}&#8221;][vc_column width=&#8221;1/3&#8243;][vc_column_text css=&#8221;.vc_custom_1564137422713{padding-top: 20px !important;}&#8221;] Akustikdecken Verbessern Sie die Raumakustik Ihrer Räume mit einer Akustikdecke oder Akustikelementen an Wand oder Decke Gute Sprachverständlichkeit ist Voraussetzung für eine angenehme Atmosphäre. Die Akustik umfasst Punkte [&hellip;]</p>

<!-- This site is optimized with the Yoast SEO plugin v17.7.1 - https://yoast.com/wordpress/plugins/seo/ -->
<title>Akustikdecken - Cilextra-Spanndecken</title>
<meta name="robots" content="index, follow, max-snippet:-1, max-image-preview:large, max-video-preview:-1" />
<link rel="canonical" href="https://cilextra.ch/index.php/diensleistungen/akustikdecken/" />
<meta property="og:locale" content="de_DE" />
<meta property="og:type" content="article" />
<meta property="og:title" content="Akustikdecken - Cilextra-Spanndecken" />
<meta property="og:description" content="[vc_row full_width=&#8221;stretch_row_content_no_spaces&#8221; css=&#8221;.vc_custom_1564137690830{margin-top: -200px !important;margin-bottom: -200px !important;background-color: #e8e8e8 !important;}&#8221;][vc_column][vc_single_image image=&#8221;1372&#8243; img_size=&#8221;full&#8221; alignment=&#8221;center&#8221; css=&#8221;.vc_custom_1564159872301{padding-top: -200px !important;padding-bottom: -200px !important;}&#8221;][/vc_column][/vc_row][vc_row full_width=&#8221;stretch_row&#8221; css=&#8221;.vc_custom_1564137288576{padding-top: 70px !important;background-color: #e8e8e8 !important;}&#8221;][vc_column width=&#8221;1/3&#8243;][vc_column_text css=&#8221;.vc_custom_1564137422713{padding-top: 20px !important;}&#8221;] Akustikdecken Verbessern Sie die Raumakustik Ihrer Räume mit einer Akustikdecke oder Akustikelementen an Wand oder Decke Gute Sprachverständlichkeit ist Voraussetzung für eine angenehme Atmosphäre. Die Akustik umfasst Punkte [&hellip;]" />
<meta property="og:url" content="https://cilextra.ch/index.php/diensleistungen/akustikdecken/" />
<meta property="og:site_name" content="Cilextra-Spanndecken" />
<meta property="article:modified_time" content="2019-07-26T17:06:55+00:00" />
<meta name="twitter:card" content="summary_large_image" />
<meta name="twitter:label1" content="Geschätzte Lesezeit" />
	<meta name="twitter:data1" content="1 Minute" />
<script type="application/ld+json" class="yoast-schema-graph">{"@context":"https://schema.org","@graph":[{"@type":"WebSite","@id":"https://cilextra.ch/#website","url":"https://cilextra.ch/","name":"Cilextra-Spanndecken","description":"Deckenrenovieren in 24 Std.","potentialAction":[{"@type":"SearchAction","target":{"@type":"EntryPoint","urlTemplate":"https://cilextra.ch/?s={search_term_string}"},"query-input":"required name=search_term_string"}],"inLanguage":"de-DE"},{"@type":"WebPage","@id":"https://cilextra.ch/index.php/diensleistungen/akustikdecken/#webpage","url":"https://cilextra.ch/index.php/diensleistungen/akustikdecken/","name":"Akustikdecken - Cilextra-Spanndecken","isPartOf":{"@id":"https://cilextra.ch/#website"},"datePublished":"2016-05-27T18:03:43+00:00","dateModified":"2019-07-26T17:06:55+00:00","breadcrumb":{"@id":"https://cilextra.ch/index.php/diensleistungen/akustikdecken/#breadcrumb"},"inLanguage":"de-DE","potentialAction":[{"@type":"ReadAction","target":["https://cilextra.ch/index.php/diensleistungen/akustikdecken/"]}]},{"@type":"BreadcrumbList","@id":"https://cilextra.ch/index.php/diensleistungen/akustikdecken/#breadcrumb","itemListElement":[{"@type":"ListItem","position":1,"name":"Home","item":"https://cilextra.ch/"},{"@type":"ListItem","position":2,"name":"Diensleistungen","item":"https://cilextra.ch/index.php/diensleistungen/"},{"@type":"ListItem","position":3,"name":"Akustikdecken"}]}]}</script>
<!-- / Yoast SEO plugin. -->

[vc_row full_width=&#8221;stretch_row_content_no_spaces&#8221; css=&#8221;.vc_custom_1564137690830{margin-top: -200px !important;margin-bottom: -200px !important;background-color: #e8e8e8 !important;}&#8221;][vc_column][vc_single_image image=&#8221;1372&#8243; img_size=&#8221;full&#8221; alignment=&#8221;center&#8221; css=&#8221;.vc_custom_1564159872301{padding-top: -200px !important;padding-bottom: -200px !important;}&#8221;][/vc_column][/vc_row][vc_row full_width=&#8221;stretch_row&#8221; css=&#8221;.vc_custom_1564137288576{padding-top: 70px !important;background-color: #e8e8e8 !important;}&#8221;][vc_column width=&#8221;1/3&#8243;][vc_column_text css=&#8221;.vc_custom_1564137422713{padding-top: 20px !important;}&#8221;] Akustikdecken Verbessern Sie die Raumakustik Ihrer Räume mit einer Akustikdecke oder Akustikelementen an Wand oder Decke Gute Sprachverständlichkeit ist Voraussetzung für eine angenehme Atmosphäre. Die Akustik umfasst Punkte [&hellip;]
