{"id":1497,"date":"2016-05-27T18:03:43","date_gmt":"2016-05-27T18:03:43","guid":{"rendered":"https:\/\/wlu20www17.webland.ch\/?page_id=1497"},"modified":"2019-07-30T18:07:44","modified_gmt":"2019-07-30T18:07:44","slug":"bedruckt-wand-und-decken","status":"publish","type":"page","link":"https:\/\/cilextra.ch\/index.php\/diensleistungen\/bedruckt-wand-und-decken\/","title":{"rendered":"Bedruckt Wand und Decken"},"content":{"rendered":"<p>[vc_row full_width=&#8221;stretch_row_content_no_spaces&#8221; css=&#8221;.vc_custom_1564137690830{margin-top: -200px !important;margin-bottom: -200px !important;background-color: #e8e8e8 !important;}&#8221;][vc_column][vc_single_image image=&#8221;1375&#8243; img_size=&#8221;full&#8221; alignment=&#8221;center&#8221; css=&#8221;.vc_custom_1564158740265{padding-top: -200px !important;padding-bottom: -200px !important;}&#8221;][\/vc_column][\/vc_row][vc_row full_width=&#8221;stretch_row&#8221; css=&#8221;.vc_custom_1564137288576{padding-top: 70px !important;background-color: #e8e8e8 !important;}&#8221;][vc_column width=&#8221;1\/3&#8243;][vc_column_text css=&#8221;.vc_custom_1564510063058{padding-top: 20px !important;}&#8221;]<\/p>\n<h3><strong>Bedruckt Wand und Decken<\/strong><\/h3>\n<p>Die Textile Wand und Deckenverkleidungen lassen sich individuell bedrucken.<br \/>\nWir produzieren f\u00fcr Sie Wand und Deckenverkleidungen bis zu einer Breite von 5 Meter und einer L\u00e4nge bis 20 Meter.<\/p>\n<p>Es gibt grenzenlose M\u00f6glichkeiten mit der eigenen Individualit\u00e4t und den eigenen Vorstellungen sein ganz pers\u00f6nliches Umfeld zu schaffen.<\/p>\n<p>Mit zus\u00e4tzlicher Hinterleuchtung k\u00f6nnen so au\u00dfergew\u00f6hnliche optische Ergebnisse erzielt werden.<\/p>\n<p>Ob als Decken oder Wandmotiv, gro\u00dffl\u00e4chig oder als Teilbereich, ob einzelne Bilder, 3D-Druck, Logos, Zitate, Ornamente oder Muster &#8211; die Gestaltung ist schlichtweg Grenzenlos.<\/p>\n<p>Montage in der ganzen Schweiz durch unsere eigenen Monteure.[\/vc_column_text][\/vc_column][vc_column width=&#8221;2\/3&#8243;][vc_gallery interval=&#8221;0&#8243; images=&#8221;1375,1376,1377,1378,1379&#8243; img_size=&#8221;full&#8221;][\/vc_column][\/vc_row]<\/p>\n","protected":false},"excerpt":{"rendered":"<p>[vc_row full_width=&#8221;stretch_row_content_no_spaces&#8221; css=&#8221;.vc_custom_1564137690830{margin-top: -200px !important;margin-bottom: -200px !important;background-color: #e8e8e8 !important;}&#8221;][vc_column][vc_single_image image=&#8221;1375&#8243; img_size=&#8221;full&#8221; alignment=&#8221;center&#8221; css=&#8221;.vc_custom_1564158740265{padding-top: -200px !important;padding-bottom: -200px !important;}&#8221;][\/vc_column][\/vc_row][vc_row full_width=&#8221;stretch_row&#8221; css=&#8221;.vc_custom_1564137288576{padding-top: 70px !important;background-color: #e8e8e8 !important;}&#8221;][vc_column width=&#8221;1\/3&#8243;][vc_column_text css=&#8221;.vc_custom_1564510063058{padding-top: 20px !important;}&#8221;] Bedruckt Wand und Decken Die Textile Wand und Deckenverkleidungen lassen sich individuell bedrucken. Wir produzieren f\u00fcr Sie Wand und Deckenverkleidungen bis zu einer Breite von 5 Meter und [&hellip;]<\/p>\n","protected":false},"author":4,"featured_media":0,"parent":1570,"menu_order":0,"comment_status":"closed","ping_status":"closed","template":"","meta":[],"yoast_head":"<!-- This site is optimized with the Yoast SEO plugin v17.7.1 - https:\/\/yoast.com\/wordpress\/plugins\/seo\/ -->\n<title>Bedruckt Wand und Decken - Cilextra-Spanndecken<\/title>\n<meta name=\"robots\" content=\"index, follow, max-snippet:-1, max-image-preview:large, max-video-preview:-1\" \/>\n<link rel=\"canonical\" href=\"https:\/\/cilextra.ch\/index.php\/diensleistungen\/bedruckt-wand-und-decken\/\" \/>\n<meta property=\"og:locale\" content=\"de_DE\" \/>\n<meta property=\"og:type\" content=\"article\" \/>\n<meta property=\"og:title\" content=\"Bedruckt Wand und Decken - Cilextra-Spanndecken\" \/>\n<meta property=\"og:description\" content=\"[vc_row full_width=&#8221;stretch_row_content_no_spaces&#8221; css=&#8221;.vc_custom_1564137690830{margin-top: -200px !important;margin-bottom: -200px !important;background-color: #e8e8e8 !important;}&#8221;][vc_column][vc_single_image image=&#8221;1375&#8243; img_size=&#8221;full&#8221; alignment=&#8221;center&#8221; css=&#8221;.vc_custom_1564158740265{padding-top: -200px !important;padding-bottom: -200px !important;}&#8221;][\/vc_column][\/vc_row][vc_row full_width=&#8221;stretch_row&#8221; css=&#8221;.vc_custom_1564137288576{padding-top: 70px !important;background-color: #e8e8e8 !important;}&#8221;][vc_column width=&#8221;1\/3&#8243;][vc_column_text css=&#8221;.vc_custom_1564510063058{padding-top: 20px !important;}&#8221;] Bedruckt Wand und Decken Die Textile Wand und Deckenverkleidungen lassen sich individuell bedrucken. Wir produzieren f\u00fcr Sie Wand und Deckenverkleidungen bis zu einer Breite von 5 Meter und [&hellip;]\" \/>\n<meta property=\"og:url\" content=\"https:\/\/cilextra.ch\/index.php\/diensleistungen\/bedruckt-wand-und-decken\/\" \/>\n<meta property=\"og:site_name\" content=\"Cilextra-Spanndecken\" \/>\n<meta property=\"article:modified_time\" content=\"2019-07-30T18:07:44+00:00\" \/>\n<meta name=\"twitter:card\" content=\"summary_large_image\" \/>\n<meta name=\"twitter:label1\" content=\"Gesch\u00e4tzte Lesezeit\" \/>\n\t<meta name=\"twitter:data1\" content=\"1 Minute\" \/>\n<script type=\"application\/ld+json\" class=\"yoast-schema-graph\">{\"@context\":\"https:\/\/schema.org\",\"@graph\":[{\"@type\":\"WebSite\",\"@id\":\"https:\/\/cilextra.ch\/#website\",\"url\":\"https:\/\/cilextra.ch\/\",\"name\":\"Cilextra-Spanndecken\",\"description\":\"Deckenrenovieren in 24 Std.\",\"potentialAction\":[{\"@type\":\"SearchAction\",\"target\":{\"@type\":\"EntryPoint\",\"urlTemplate\":\"https:\/\/cilextra.ch\/?s={search_term_string}\"},\"query-input\":\"required name=search_term_string\"}],\"inLanguage\":\"de-DE\"},{\"@type\":\"WebPage\",\"@id\":\"https:\/\/cilextra.ch\/index.php\/diensleistungen\/bedruckt-wand-und-decken\/#webpage\",\"url\":\"https:\/\/cilextra.ch\/index.php\/diensleistungen\/bedruckt-wand-und-decken\/\",\"name\":\"Bedruckt Wand und Decken - Cilextra-Spanndecken\",\"isPartOf\":{\"@id\":\"https:\/\/cilextra.ch\/#website\"},\"datePublished\":\"2016-05-27T18:03:43+00:00\",\"dateModified\":\"2019-07-30T18:07:44+00:00\",\"breadcrumb\":{\"@id\":\"https:\/\/cilextra.ch\/index.php\/diensleistungen\/bedruckt-wand-und-decken\/#breadcrumb\"},\"inLanguage\":\"de-DE\",\"potentialAction\":[{\"@type\":\"ReadAction\",\"target\":[\"https:\/\/cilextra.ch\/index.php\/diensleistungen\/bedruckt-wand-und-decken\/\"]}]},{\"@type\":\"BreadcrumbList\",\"@id\":\"https:\/\/cilextra.ch\/index.php\/diensleistungen\/bedruckt-wand-und-decken\/#breadcrumb\",\"itemListElement\":[{\"@type\":\"ListItem\",\"position\":1,\"name\":\"Home\",\"item\":\"https:\/\/cilextra.ch\/\"},{\"@type\":\"ListItem\",\"position\":2,\"name\":\"Diensleistungen\",\"item\":\"https:\/\/cilextra.ch\/index.php\/diensleistungen\/\"},{\"@type\":\"ListItem\",\"position\":3,\"name\":\"Bedruckt Wand und Decken\"}]}]}<\/script>\n<!-- \/ Yoast SEO plugin. -->","yoast_head_json":{"title":"Bedruckt Wand und Decken - Cilextra-Spanndecken","robots":{"index":"index","follow":"follow","max-snippet":"max-snippet:-1","max-image-preview":"max-image-preview:large","max-video-preview":"max-video-preview:-1"},"canonical":"https:\/\/cilextra.ch\/index.php\/diensleistungen\/bedruckt-wand-und-decken\/","og_locale":"de_DE","og_type":"article","og_title":"Bedruckt Wand und Decken - Cilextra-Spanndecken","og_description":"[vc_row full_width=&#8221;stretch_row_content_no_spaces&#8221; css=&#8221;.vc_custom_1564137690830{margin-top: -200px !important;margin-bottom: -200px !important;background-color: #e8e8e8 !important;}&#8221;][vc_column][vc_single_image image=&#8221;1375&#8243; img_size=&#8221;full&#8221; alignment=&#8221;center&#8221; css=&#8221;.vc_custom_1564158740265{padding-top: -200px !important;padding-bottom: -200px !important;}&#8221;][\/vc_column][\/vc_row][vc_row full_width=&#8221;stretch_row&#8221; css=&#8221;.vc_custom_1564137288576{padding-top: 70px !important;background-color: #e8e8e8 !important;}&#8221;][vc_column width=&#8221;1\/3&#8243;][vc_column_text css=&#8221;.vc_custom_1564510063058{padding-top: 20px !important;}&#8221;] Bedruckt Wand und Decken Die Textile Wand und Deckenverkleidungen lassen sich individuell bedrucken. Wir produzieren f\u00fcr Sie Wand und Deckenverkleidungen bis zu einer Breite von 5 Meter und [&hellip;]","og_url":"https:\/\/cilextra.ch\/index.php\/diensleistungen\/bedruckt-wand-und-decken\/","og_site_name":"Cilextra-Spanndecken","article_modified_time":"2019-07-30T18:07:44+00:00","twitter_card":"summary_large_image","twitter_misc":{"Gesch\u00e4tzte Lesezeit":"1 Minute"},"schema":{"@context":"https:\/\/schema.org","@graph":[{"@type":"WebSite","@id":"https:\/\/cilextra.ch\/#website","url":"https:\/\/cilextra.ch\/","name":"Cilextra-Spanndecken","description":"Deckenrenovieren in 24 Std.","potentialAction":[{"@type":"SearchAction","target":{"@type":"EntryPoint","urlTemplate":"https:\/\/cilextra.ch\/?s={search_term_string}"},"query-input":"required name=search_term_string"}],"inLanguage":"de-DE"},{"@type":"WebPage","@id":"https:\/\/cilextra.ch\/index.php\/diensleistungen\/bedruckt-wand-und-decken\/#webpage","url":"https:\/\/cilextra.ch\/index.php\/diensleistungen\/bedruckt-wand-und-decken\/","name":"Bedruckt Wand und Decken - Cilextra-Spanndecken","isPartOf":{"@id":"https:\/\/cilextra.ch\/#website"},"datePublished":"2016-05-27T18:03:43+00:00","dateModified":"2019-07-30T18:07:44+00:00","breadcrumb":{"@id":"https:\/\/cilextra.ch\/index.php\/diensleistungen\/bedruckt-wand-und-decken\/#breadcrumb"},"inLanguage":"de-DE","potentialAction":[{"@type":"ReadAction","target":["https:\/\/cilextra.ch\/index.php\/diensleistungen\/bedruckt-wand-und-decken\/"]}]},{"@type":"BreadcrumbList","@id":"https:\/\/cilextra.ch\/index.php\/diensleistungen\/bedruckt-wand-und-decken\/#breadcrumb","itemListElement":[{"@type":"ListItem","position":1,"name":"Home","item":"https:\/\/cilextra.ch\/"},{"@type":"ListItem","position":2,"name":"Diensleistungen","item":"https:\/\/cilextra.ch\/index.php\/diensleistungen\/"},{"@type":"ListItem","position":3,"name":"Bedruckt Wand und Decken"}]}]}},"_links":{"self":[{"href":"https:\/\/cilextra.ch\/index.php\/wp-json\/wp\/v2\/pages\/1497"}],"collection":[{"href":"https:\/\/cilextra.ch\/index.php\/wp-json\/wp\/v2\/pages"}],"about":[{"href":"https:\/\/cilextra.ch\/index.php\/wp-json\/wp\/v2\/types\/page"}],"author":[{"embeddable":true,"href":"https:\/\/cilextra.ch\/index.php\/wp-json\/wp\/v2\/users\/4"}],"replies":[{"embeddable":true,"href":"https:\/\/cilextra.ch\/index.php\/wp-json\/wp\/v2\/comments?post=1497"}],"version-history":[{"count":9,"href":"https:\/\/cilextra.ch\/index.php\/wp-json\/wp\/v2\/pages\/1497\/revisions"}],"predecessor-version":[{"id":1898,"href":"https:\/\/cilextra.ch\/index.php\/wp-json\/wp\/v2\/pages\/1497\/revisions\/1898"}],"up":[{"embeddable":true,"href":"https:\/\/cilextra.ch\/index.php\/wp-json\/wp\/v2\/pages\/1570"}],"wp:attachment":[{"href":"https:\/\/cilextra.ch\/index.php\/wp-json\/wp\/v2\/media?parent=1497"}],"curies":[{"name":"wp","href":"https:\/\/api.w.org\/{rel}","templated":true}]}}

<p>[vc_row full_width=&#8221;stretch_row_content_no_spaces&#8221; css=&#8221;.vc_custom_1564137690830{margin-top: -200px !important;margin-bottom: -200px !important;background-color: #e8e8e8 !important;}&#8221;][vc_column][vc_single_image image=&#8221;1375&#8243; img_size=&#8221;full&#8221; alignment=&#8221;center&#8221; css=&#8221;.vc_custom_1564158740265{padding-top: -200px !important;padding-bottom: -200px !important;}&#8221;][/vc_column][/vc_row][vc_row full_width=&#8221;stretch_row&#8221; css=&#8221;.vc_custom_1564137288576{padding-top: 70px !important;background-color: #e8e8e8 !important;}&#8221;][vc_column width=&#8221;1/3&#8243;][vc_column_text css=&#8221;.vc_custom_1564510063058{padding-top: 20px !important;}&#8221;]</p>
<h3><strong>Bedruckt Wand und Decken</strong></h3>
<p>Die Textile Wand und Deckenverkleidungen lassen sich individuell bedrucken.<br />
Wir produzieren für Sie Wand und Deckenverkleidungen bis zu einer Breite von 5 Meter und einer Länge bis 20 Meter.</p>
<p>Es gibt grenzenlose Möglichkeiten mit der eigenen Individualität und den eigenen Vorstellungen sein ganz persönliches Umfeld zu schaffen.</p>
<p>Mit zusätzlicher Hinterleuchtung können so außergewöhnliche optische Ergebnisse erzielt werden.</p>
<p>Ob als Decken oder Wandmotiv, großflächig oder als Teilbereich, ob einzelne Bilder, 3D-Druck, Logos, Zitate, Ornamente oder Muster &#8211; die Gestaltung ist schlichtweg Grenzenlos.</p>
<p>Montage in der ganzen Schweiz durch unsere eigenen Monteure.[/vc_column_text][/vc_column][vc_column width=&#8221;2/3&#8243;][vc_gallery interval=&#8221;0&#8243; images=&#8221;1375,1376,1377,1378,1379&#8243; img_size=&#8221;full&#8221;][/vc_column][/vc_row]</p>

<p>[vc_row full_width=&#8221;stretch_row_content_no_spaces&#8221; css=&#8221;.vc_custom_1564137690830{margin-top: -200px !important;margin-bottom: -200px !important;background-color: #e8e8e8 !important;}&#8221;][vc_column][vc_single_image image=&#8221;1375&#8243; img_size=&#8221;full&#8221; alignment=&#8221;center&#8221; css=&#8221;.vc_custom_1564158740265{padding-top: -200px !important;padding-bottom: -200px !important;}&#8221;][/vc_column][/vc_row][vc_row full_width=&#8221;stretch_row&#8221; css=&#8221;.vc_custom_1564137288576{padding-top: 70px !important;background-color: #e8e8e8 !important;}&#8221;][vc_column width=&#8221;1/3&#8243;][vc_column_text css=&#8221;.vc_custom_1564510063058{padding-top: 20px !important;}&#8221;] Bedruckt Wand und Decken Die Textile Wand und Deckenverkleidungen lassen sich individuell bedrucken. Wir produzieren für Sie Wand und Deckenverkleidungen bis zu einer Breite von 5 Meter und [&hellip;]</p>

<!-- This site is optimized with the Yoast SEO plugin v17.7.1 - https://yoast.com/wordpress/plugins/seo/ -->
<title>Bedruckt Wand und Decken - Cilextra-Spanndecken</title>
<meta name="robots" content="index, follow, max-snippet:-1, max-image-preview:large, max-video-preview:-1" />
<link rel="canonical" href="https://cilextra.ch/index.php/diensleistungen/bedruckt-wand-und-decken/" />
<meta property="og:locale" content="de_DE" />
<meta property="og:type" content="article" />
<meta property="og:title" content="Bedruckt Wand und Decken - Cilextra-Spanndecken" />
<meta property="og:description" content="[vc_row full_width=&#8221;stretch_row_content_no_spaces&#8221; css=&#8221;.vc_custom_1564137690830{margin-top: -200px !important;margin-bottom: -200px !important;background-color: #e8e8e8 !important;}&#8221;][vc_column][vc_single_image image=&#8221;1375&#8243; img_size=&#8221;full&#8221; alignment=&#8221;center&#8221; css=&#8221;.vc_custom_1564158740265{padding-top: -200px !important;padding-bottom: -200px !important;}&#8221;][/vc_column][/vc_row][vc_row full_width=&#8221;stretch_row&#8221; css=&#8221;.vc_custom_1564137288576{padding-top: 70px !important;background-color: #e8e8e8 !important;}&#8221;][vc_column width=&#8221;1/3&#8243;][vc_column_text css=&#8221;.vc_custom_1564510063058{padding-top: 20px !important;}&#8221;] Bedruckt Wand und Decken Die Textile Wand und Deckenverkleidungen lassen sich individuell bedrucken. Wir produzieren für Sie Wand und Deckenverkleidungen bis zu einer Breite von 5 Meter und [&hellip;]" />
<meta property="og:url" content="https://cilextra.ch/index.php/diensleistungen/bedruckt-wand-und-decken/" />
<meta property="og:site_name" content="Cilextra-Spanndecken" />
<meta property="article:modified_time" content="2019-07-30T18:07:44+00:00" />
<meta name="twitter:card" content="summary_large_image" />
<meta name="twitter:label1" content="Geschätzte Lesezeit" />
	<meta name="twitter:data1" content="1 Minute" />
<script type="application/ld+json" class="yoast-schema-graph">{"@context":"https://schema.org","@graph":[{"@type":"WebSite","@id":"https://cilextra.ch/#website","url":"https://cilextra.ch/","name":"Cilextra-Spanndecken","description":"Deckenrenovieren in 24 Std.","potentialAction":[{"@type":"SearchAction","target":{"@type":"EntryPoint","urlTemplate":"https://cilextra.ch/?s={search_term_string}"},"query-input":"required name=search_term_string"}],"inLanguage":"de-DE"},{"@type":"WebPage","@id":"https://cilextra.ch/index.php/diensleistungen/bedruckt-wand-und-decken/#webpage","url":"https://cilextra.ch/index.php/diensleistungen/bedruckt-wand-und-decken/","name":"Bedruckt Wand und Decken - Cilextra-Spanndecken","isPartOf":{"@id":"https://cilextra.ch/#website"},"datePublished":"2016-05-27T18:03:43+00:00","dateModified":"2019-07-30T18:07:44+00:00","breadcrumb":{"@id":"https://cilextra.ch/index.php/diensleistungen/bedruckt-wand-und-decken/#breadcrumb"},"inLanguage":"de-DE","potentialAction":[{"@type":"ReadAction","target":["https://cilextra.ch/index.php/diensleistungen/bedruckt-wand-und-decken/"]}]},{"@type":"BreadcrumbList","@id":"https://cilextra.ch/index.php/diensleistungen/bedruckt-wand-und-decken/#breadcrumb","itemListElement":[{"@type":"ListItem","position":1,"name":"Home","item":"https://cilextra.ch/"},{"@type":"ListItem","position":2,"name":"Diensleistungen","item":"https://cilextra.ch/index.php/diensleistungen/"},{"@type":"ListItem","position":3,"name":"Bedruckt Wand und Decken"}]}]}</script>
<!-- / Yoast SEO plugin. -->

[vc_row full_width=&#8221;stretch_row_content_no_spaces&#8221; css=&#8221;.vc_custom_1564137690830{margin-top: -200px !important;margin-bottom: -200px !important;background-color: #e8e8e8 !important;}&#8221;][vc_column][vc_single_image image=&#8221;1375&#8243; img_size=&#8221;full&#8221; alignment=&#8221;center&#8221; css=&#8221;.vc_custom_1564158740265{padding-top: -200px !important;padding-bottom: -200px !important;}&#8221;][/vc_column][/vc_row][vc_row full_width=&#8221;stretch_row&#8221; css=&#8221;.vc_custom_1564137288576{padding-top: 70px !important;background-color: #e8e8e8 !important;}&#8221;][vc_column width=&#8221;1/3&#8243;][vc_column_text css=&#8221;.vc_custom_1564510063058{padding-top: 20px !important;}&#8221;] Bedruckt Wand und Decken Die Textile Wand und Deckenverkleidungen lassen sich individuell bedrucken. Wir produzieren für Sie Wand und Deckenverkleidungen bis zu einer Breite von 5 Meter und [&hellip;]
